t(x)?
1
Let b(n) = -n**3 + 6*n**2 - 5*n - 3. Let r(j) be the first derivative of -3*j**2 - j - 3 - 1/3*j**3. Let l be r(-5). Determine b(l).
9
Let q(d) = 0*d - 6*d**3 + 19*d**3 - 14*d**3 + 6*d**2 - 12*d**2 - 6*d + 4. What is q(-5)?
9
Let i be (-2)/(-8) - (-7)/4. Let j = 13 - 1. Let u(y) = -15*y + j*y + 1 + 2 - 1. Calculate u(i).
-4
Let c be 21/(-84) - 23/4. Let o(g) = -8*g - 8. Let m(q) = 9*q + 10. Let i(b) = c*m(b) - 7*o(b). Determine i(4).
4
Suppose -4*w = -4*j - 408, -5*j - 312 = -5*w + 2*w. Let y be (-3)/(34/72 - 22/w). Let r(t) = t + 6. Calculate r(y).
-6
Let x(q) = q**2 - q - 3. Let k(s) = s**2 - s - 4. Let t(n) = -n**2 - 2*n. Let p be t(-3). Let r(v) = p*x(v) + 2*k(v). Determine r(-1).
-1
Let y = 4 - 4. Suppose -4*t - 2*q + 18 = y, 8*q = 4*q - 4. Suppose -5*r = -5, -t*r + 5 = -k - 0*r. Let v(z) = z - 8. Calculate v(k).
-8
Let i be (-2*10/(-12))/(2/(-6)). Let u(c) = 2*c + 1. Let m(v) = v. Let h(j) = -11*m(j) + 6*u(j). What is h(i)?
1
Let g(o) be the third derivative of -1/120*o**5 + 2/3*o**3 + 0*o + 0 - 5/24*o**4 - 2*o**2. Let x(s) be the first derivative of g(s). Determine x(-7).
2
Suppose -2*y - 3*z - 13 = -0*y, -3*z = -y - 29. Let q(g) = -g**2 - 12*g + 33. Calculate q(y).
5
Let r(z) = z**2 + 3. Let p be 2*2 + 32/(-8). Suppose p = m + 4*l - 20, -2*m - 4*l - l + 25 = 0. Determine r(m).
3
Let g(z) = z**2 + 3*z + 1. Let d(q) = -q - 3 + 3 + 2 - 1. Let h be d(5). Let s(b) = b. Let y be s(h). What is g(y)?
5
Let x(f) = f**3 - 33*f**2 - 3*f + 105. Let a be x(33). Let o(b) = -b**2 + 6*b - 7. What is o(a)?
-7
Let t(a) = -15*a + 5*a + 8*a + a**2. What is t(2)?
0
Let y(g) = g**2 - 4 + 6 - 7*g + 1 - 6. Let q(h) = 14*h - 34. Let r be q(3). Determine y(r).
5
Let t(z) = 29*z**2 - 3*z + 11. Let x(u) = 4*u**2 - u + 2. Let k(j) = -t(j) + 7*x(j). Let f be 132/(-21) - 2/(-7). What is k(f)?
-9
Let u(v) = -v**3 - 6*v**2 + 7*v. Suppose -2*g + 31 = -3*y - 4*g, 4*y + 3*g + 43 = 0. Give u(y).
0
Let h(f) = 5*f**2 + 14*f. Let r(x) = 3*x**2 + 8*x - 4. Let g(j) = -6*j**2 - 16*j + 7. Let m(z) = 4*g(z) + 7*r(z). Let k(t) = 4*h(t) + 7*m(t). Determine k(-3).
-9
Let w(h) = -2*h**2 - 41*h - 47. Let y be w(-19). Let v(z) be the second derivative of -z**5/20 + 11*z**4/12 - 3*z**3/2 - 11*z**2/2 - 9*z. Give v(y).
-1
Let j be -3 - (1 + -1) - 72. Let q be j/(-12) - 1/4. Let b(g) = -g**2 + 7*g. What is b(q)?
6
Let j(q) = 9*q**2 - 18*q + 10. Let t(y) = 5*y**2 - 9*y + 5. Let b = -17 + 11. Let r(h) = b*j(h) + 11*t(h). Calculate r(-9).
-5
Let l = -41 + 81. Let n = -42 + l. Let j(x) = -x - 2*x**2 + 4*x**2 + 5*x**3 - 4*x**3. Calculate j(n).
2
Let k(g) = 23*g**2 - 2*g - 1 - 1 - 18*g**2 + 4*g. Let h be k(1). Let u(b) = -b + 1. Determine u(h).
-4
Let l(n) = n**2 - 3*n + 3. Let x(z) = 8*z**2 + 25*z - 16. Let h(d) = d**2 + 1. Let o(s) = 5*h(s) - x(s). Let q be o(-9). What is l(q)?
3
Let i(r) = -r - 19. Suppose 12*a + 16 = 20*a. Suppose 5*y - 20 = 0, a*k + 12 = y + 2*y. Calculate i(k).
-19
Let c(i) be the first derivative of i**4/24 + i**3/2 - 17*i**2/2 - 8. Let t(d) be the second derivative of c(d). Give t(6).
9
Suppose 0 = -0*c - c + 3*r + 34, -82 = -3*c - r. Let l(j) = 9 + 9*j + 54*j**2 - c*j**2 - 27*j**2. What is l(8)?
17
Let g(a) = -a**3 - 5*a**2 + 5*a - 2. Let v be g(-6). Let j(l) be the first derivative of -l**3/3 + 2*l**2 + 5*l + 196. Give j(v).
5
Let y = -16 + 10. Let o(h) be the third derivative of 1/3*h**3 + 0 + 0*h + h**2 + 1/24*h**4. Determine o(y).
-4
Suppose 7*j - 3*j = 68. Let n = -14 + j. Let d = n + 2. Let z(o) = o. Give z(d).
5
Let d(x) = x**3 - 10*x**2 + x + 3. Let n be ((-30)/20)/(8/(-48)). Calculate d(n).
-69
Let x be -5*(-3)/15 + 4. Suppose x = -0*b - 5*b. Let i(y) = y + 2. What is i(b)?
1
Let f(r) = 23*r**2 - 6*r - 22*r**2 + 6 + 0*r. Let w be (-4)/(-18) + (-215)/(-45). Let p be f(w). Let l(u) = -2*u + 1. What is l(p)?
-1
Let o(t) = -1. Let u(a) = 1. Let j(l) = 3*o(l) + 4*u(l). Let x(w) be the first derivative of -w**2/2 - w + 15. Let h(i) = -4*j(i) - 5*x(i). Give h(1).
6
Let p(s) be the first derivative of -3*s**2/2 - 15*s + 844. Calculate p(-7).
6
Let l(p) = p**2 - 7*p - 9. Let q be (11/22)/((-6)/(-96)). Calculate l(q).
-1
Let n(a) = -2*a - 24. Suppose 55 = -3*z - 5*u - 3, 5*z - u = -50. Calculate n(z).
-2
Let a(l) = l**2 + 11*l + 7. Let x be a(-8). Let y(u) = 5*u + 16. Let v(g) = 14*g + 47. Let q(n) = x*y(n) + 6*v(n). Calculate q(6).
4
Let i(q) = 8*q**3 + 1. Suppose -4*g = -2 - 14. Suppose -2*y = g*y + 6. Calculate i(y).
-7
Let d = 7 + 1. Let a(p) = p**2 - 8*p. Determine a(d).
0
Let i be (-1)/(-7) + (-3905)/385 + 5. Let r(p) = -p**2 - 2*p + 3. What is r(i)?
-12
Suppose -20*g - 55 - 65 = 0. Let t(h) = -2*h + 3. Give t(g).
15
Let w = 14 - 8. Let g(r) = r - 1. Let i be g(0). Let p(a) = 1. Let k(q) = -q**2 + 4*q + 3. Let l(v) = i*k(v) - 5*p(v). Determine l(w).
4
Suppose -5 = -23*b + 22*b. Let h(x) = b*x + 31 + 36 - 66. Calculate h(-1).
-4
Let r(t) = t**2 + 4*t - 3. Let q be r(-5). Let i(k) = -k - 1 + 0 + 41*k**q - 37*k**2. Determine i(-2).
17
Suppose 0 = i - 7*i - 108. Let p = -17 - i. Let z(x) = -x**3 + 1. Determine z(p).
0
Suppose -4*d + 38 = 3*f, -7*d + 28 = 3*f - 5*d. Let l(t) = t**2 - 3*t + 5. What is l(f)?
23
Let z(s) = -s**3 - 5*s**2 - 6*s - 3. Let n(h) = 10*h - 8. Let c be n(2). Let y be 4/((-4)/c - (-2)/(-3)). Determine z(y).
5
Let u(q) = 12*q**2 - 7*q - 9. Let l(k) = -6*k**2 + 4*k + 5. Let w(t) = -11*l(t) - 6*u(t). Let o be 9*1 - (-2 + 4). Let v = -8 + o. Give w(v).
-5
Let d(t) = -14197*t - 4 + 12 + t**3 + t**2 + 7 + 14195*t. What is d(0)?
15
Suppose 4*m - d - 13 = -3, -d + 17 = 5*m. Let x be (-16)/20 - (-8)/10. Suppose -3 + x = -m*z. Let j(c) = 6*c. Calculate j(z).
6
Let b(g) = g. Let o(r) = -r**2 + 14*r - 5. Suppose -24*w + 22*w + 3*x = 12, 5*w + 30 = -3*x. Let m be 6/4*(-4)/(-6). Let y(p) = m*o(p) + w*b(p). Give y(7).
2
Let p(r) = r**3 - r**2 - 4*r - 1. Let f(a) = -a**2 - a. Let z(c) = -6*f(c) + p(c). Determine z(-4).
7
Let o(d) = -3*d**2 - 17*d + 11. Let j(p) = -5*p**2 - 33*p + 23. Let b(z) = 4*j(z) - 7*o(z). Let u be b(12). Let w(g) = 2*g**2 - 5*g + 3. What is w(u)?
6
Let b(d) be the third derivative of d**4/6 + 47*d**3/6 - 177*d**2. Give b(-11).
3
Let i(y) = -y**3 + 7*y**2 - 7*y + 4. Let m(a) = 2*a**3 - 12*a**2 + 15*a - 19. Let t be m(5). Determine i(t).
-2
Let r(y) = 4*y**2 + 8*y - 6. Let o(d) = -d**2 - d + 1. Let n(w) = 5*o(w) + r(w). Let q be (0 + 1 + -3)*(-1 + -1). Calculate n(q).
-5
Let m(a) be the first derivative of -11*a - 1/2*a**2 - 13. Calculate m(-6).
-5
Let h(y) = -2*y + 30. Let t be ((-44)/(-8) - 5)*30. What is h(t)?
0
Let l = 8 - 6. Let k(b) = 20*b - 37*b + 2*b**l + 15*b - 2. Calculate k(2).
2
Let n(r) = 8*r - 6. Let w(b) = b - 1. Let a(x) = n(x) - 12*w(x). Suppose 2*i - 5*m + 25 = -10, -i = -4*m + 25. Let g = -1 - i. Give a(g).
-10
Let w(j) be the second derivative of -17*j**3/3 + j**2/2 - 108*j. Give w(1).
-33
Let l(t) be the third derivative of -5/6*t**3 + 0 + 0*t + 6*t**2 - 1/24*t**4. Calculate l(6).
-11
Let t(l) = 7*l**2 - 6*l**2 - 5*l + 0*l**2 - 10. Let y be t(6). Let s(h) = -h - 5. What is s(y)?
-1
Let p(j) be the second derivative of j**5/20 - j**4/2 + 2*j**3/3 - 5*j**2/2 + 74*j - 3. What is p(6)?
19
Let h(m) = -m - m**3 + 4 + 3*m + 3*m**2 - 4*m. Suppose 3*x = 7*x - 8. Suppose 4*g = -2*w + 4, -7*g + 5*w = -x*g - 35. Calculate h(g).
-2
Let i(d) = -14*d + 273. Let a be i(20). Let j(p) = -3*p**2 - 7*p + 11. Let b(l) = l**2 + 2*l - 4. Let v(z) = -17*b(z) - 6*j(z). Determine v(a).
-5
Let n(y) = y**3 + 6*y**2 - y - 5. Let j be (90/45)/(1 - 3/2). Determine n(j).
31
Let b(q) = -1 + 0 - q**2 - 4 - 8*q. Let n = -415 + 410. What is b(n)?
10
Let t(g) = 0 + 37 - 20 - g. Determine t(7).
10
Let p(o) = o + 20. Suppose -9*q = 26*q. What is p(q)?
20
Let h be (-3 - -2)*1*-26. Suppose -4*i = 2*m - 20, -3*m - 14 = -4*i + h. Let u(x) = -1 - 2 + x - i. Give u(5).
-5
Let a(c) be the second derivative of -2*c**3/3 + 7*c**2/2 + 141*c - 2. Give a(8).
-25
Let h = -455 + 459. Let g(d) = 7*d - 5. Calculate g(h).
23
Let h(q) = 2*q**2 - 5*q**2 - q**3 - 2*q + 5*q**2 - 1. Give h(3).
-16
Let q(p) = p - 7202 + 3588 + 3606. Let v(c) = 2*c + 1. Let f be v(3). Determine q(f).
-1
Let f(j) be the first derivative of -j**2/2 + 6*j + 2. Let x be 3/15 + 178/10. Let g = 25 - x. Determine f(g).
-1
Let y(q) be the third derivative of q**4/24 - q**3/3 + q**2. Let w = -27 -